21132003112
Convert 201054 (base 13) to base 11.
469689
What is 2225395 (base 10) in base 8?
10372363
What is -170166 (base 9) in base 7?
-615315
455351513 (base 6) to base 3
120202211110000
Convert 1b440 (base 16) to base 10.
111680
-110110010101010011 (base 2) to base 13
-7a3b0
What is 11102100101 (base 4) in base 8?
5222021
What is -1922316 (base 13) in base 2?
-11111011001011001011000
Convert -1329480 (base 11) to base 13.
-625406
-120313232021 (base 4) to base 12
-2224b75
What is 41550410 (base 6) in base 15?
18e140
98331 (base 10) to base 11
67972
-1100122002 (base 3) to base 9
-40562
What is 448c4 (base 13) in base 11?
85632
Convert -102003122331 (base 4) to base 12.
-1702939
What is 52020 (base 10) in base 16?
cb34
Convert 110000111101010011111 (base 2) to base 9.
3014555
Convert -4411033 (base 5) to base 14.
-1d880
What is 43300 (base 12) in base 6?
1522000
What is -121210221 (base 4) in base 11?
-71773
Convert -2201331422 (base 5) to base 16.
-47f074
115320452 (base 6) to base 7
24601115
What is -5358180 (base 9) in base 10?
-2873142
-1555c48 (base 15) to base 4
-322332132230
Convert -2403355 (base 7) to base 13.
-a833a
Convert 164515 (base 8) to base 11.
40966
1033320121 (base 4) to base 8
1177031
Convert 143515 (base 8) to base 2.
1100011101001101
What is -21232a (base 13) in base 10?
-776084
-18654a4 (base 12) to base 6
-301311124
Convert -214555025 (base 6) to base 9.
-7251648
Convert -214503 (base 7) to base 3.
-1220121220
200201010011 (base 3) to base 9
621104
What is 261025 (base 7) in base 15?
e507
Convert -213021033 (base 4) to base 9.
-263840
-693899 (base 14) to base 9
-6660382
a7638 (base 11) to base 14
41062
Convert -441056 (base 8) to base 14.
-3bd26
What is 50b0a (base 13) in base 5?
14112144
Convert 2feaad (base 16) to base 3.
12220112122021
Convert -13760 (base 8) to base 11.
-4671
Convert -1d5da2 (base 14) to base 11.
-65a687
Convert -b11259 (base 12) to base 10.
-2759973
What is a3a946 (base 15) in base 16?
76bc5a
19376ad (base 14) to base 3
212112100122110
Convert -1633513 (base 7) to base 11.
-145594
-74377 (base 9) to base 2
-1100000000000100
-1254541 (base 6) to base 4
-101001331
What is -6399b (base 15) in base 14?
-8326a
What is -154d6cb (base 14) in base 11?
-596a773
a169aa (base 15) to base 8
35176172
-1330010 (base 4) to base 7
-32102
-10100001000011 (base 2) to base 6
-115415
-3a0d0 (base 16) to base 9
-402145
Convert 42116 (base 10) to base 11.
29708
Convert 2dab8 (base 15) to base 2.
100100000001011100
What is -3846483 (base 9) in base 14?
-3c86a0
What is -42658 (base 15) in base 8?
-633373
Convert 255313501 (base 6) to base 4.
103021000231
-753302 (base 10) to base 6
-24051302
-137122 (base 13) to base 14
-c42da
Convert -120012330 (base 4) to base 11.
-68211
Convert -91839 (base 10) to base 8.
-263277
Convert 2102300202 (base 4) to base 5.
123213442
21101143 (base 5) to base 7
1326465
-251034252 (base 6) to base 15
-65049e
100011010101101001 (base 2) to base 3
21100112221
-16ecc (base 15) to base 16
-121e9
-241024 (base 9) to base 14
-3ac3b
-213b7 (base 13) to base 7
-336600
Convert 575297 (base 10) to base 6.
20155225
What is 1b676a (base 13) in base 8?
2527015
What is 65115333 (base 7) in base 4?
111023020011
Convert 1122121220 (base 3) to base 6.
410340
Convert 33305433 (base 6) to base 3.
1220000201010
What is -7ee56 (base 16) in base 2?
-1111110111001010110
-1220521 (base 7) to base 6
-3203421
Convert 2001432 (base 8) to base 14.
d94dc
24a2862 (base 12) to base 8
33306112
10b5d (base 14) to base 9
61682
-103002014 (base 5) to base 14
-b5767
1361553 (base 9) to base 6
24020120
What is -1535034 (base 7) in base 6?
-4303043
What is 14c70 (base 16) in base 5?
10210404
Convert 344348 (base 9) to base 11.
131243
Convert 29a27 (base 16) to base 3.
22122221010
Convert -374024 (base 10) to base 7.
-3115310
What is 305514 (base 9) in base 12?
88a4a
Convert -353768 (base 9) to base 7.
-1544213
Convert 214611 (base 9) to base 11.
88249
What is -110000000010010101100 (base 2) in base 10?
-1574060
-cffe1 (base 16) to base 8
-3177741
What is 1313154 (base 6) in base 12?
357ba
Convert 863862 (base 16) to base 5.
4222440013
What is -100221204 (base 5) in base 10?
-398304
-43e9e (base 15) to base 11
-138255
-7432a0 (base 15) to base 10
-5528850
What is 1004101312 (base 5) in base 3?
10210120111012
What is 97c05 (base 14) in base 16?
59acd
221421511 (base 6) to base 12
140a897
Convert -3bcc7 (base 13) to base 7.
-644436
896786a (base 11) to base 7
250422232
-21216736 (base 8) to base 14
-85ca50
Convert -2a492a8 (base 13) to base 15.
-12ba496
-30637 (base 8) to base 15
-3b6d
-42360 (base 15) to base 16
-3345f
What is 538124 (base 9) in base 8?
1162537
3912a0 (base 12) to base 3
1202111221010
-4769b (base 12) to base 7
-546644
Convert -11101001010100011 (base 2) to base 6.
-2321015
Convert 3c2d7 (base 15) to base 7.
1432522
What is 100000001110110010 (base 2) in base 10?
132018
What is -30000141 (base 5) in base 9?
-386507
-5b1c7 (base 13) to base 6
-3330320
Convert -1211122220 (base 3) to base 15.
-aad9
Convert 55240040 (base 6) to base 7.
20025225
a9a6b (base 14) to base 5
101122121
Convert 4437006 (base 9) to base 10.
2386752
What is 301213112033 (base 4) in base 7?
215360006
Convert 6646 (base 9) to base 15.
16bc
What is -12939 (base 16) in base 11?
-52192
What is -22133103332 (base 4) in base 14?
-51810a
91b69 (base 14) to base 11
21a572
100000120000111 (base 3) to base 8
22223075
334054 (base 10) to base 6
11054314
Convert -74b58 (base 14) to base 4.
-1010320022
What is bd28 (base 14) in base 7?
164351
Convert 102444011 (base 5) to base 7.
3501110
Convert -35533052 (base 6) to base 11.
-6a2963
What is 1004040512 (base 6) in base 3?
201022202100222
What is 58052 (base 12) in base 9?
188238
-300001310 (base 4) to base 2
-110000000001110100
68b159 (base 14) to base 16
3664bb
Convert -123125002 (base 6) to base 3.
-11111110201002
Convert -1101546 (base 9) to base 7.
-5012655
Convert -13c7a (base 15) to base 8.
-174115
Convert -3011460 (base 7) to base 4.
-1112321121
Convert -76664 (base 8) to base 5.
-2012210
-3010332202 (base 4) to base 2
-11000100111110100010
Convert 18635a9 (base 13) to base 7.
124536630
-7714 (base 10) to base 4
-1320202
-232022310200 (base 4) to base 13
-2679b09
What is 21341314 (base 5) in base 10?
183959
What is -6325472 (base 9) in base 4?
-30321322211
Convert 54919a (base 11) to base 6.
30435404
What is -5010425 (base 9) in base 11?
-155a651
-177717 (base 8) to base 5
-4043422
What is -11110221021011 (base 3) in base 2?
-1001000101001001011010
-306575 (base 8) to base 2
-11000110101111101
What is -21063123 (base 7) in base 4?
-12302220030
What is -2d34 (base 16) in base 6?
-125324
What is -273413 (base 10) in base 12?
-112285
Convert 25155426 (base 7) to base 11.
1308598
What is 400369 (base 11) in base 3?
1012202021122
Convert -78a3a (base 12) to base 10.
-160462
What is -10213211312 (base 4) in base 10?
-1210742
What is -5676573 (base 8) in base 3?
-2220012201201
Convert 2042031341 (base 5) to base 14.
7c9852
-420260 (base 8) to base 10
-139440
What is -302011123 (base 4) in base 12?
-9a877
Convert -723003 (base 8) to base 15.
-4aca7
-7ab305 (base 14) to base 7
-50345505
What is -5198b (base 12) in base 9?
-172458
-1136551 (base 8) to base 9
-523087
-8715047 (base 9) to base 11
-270353a
What is 9630 (base 11) in base 10?
12738
Convert -18ca9 (base 14) to base 9.
-105214
-4100431210 (base 5) to base 2
-11111010110010001010000
What is -106762 (base 10) in base 13?
-39796
1042b4e (base 15) to base 13
2533052
Convert 231001441 (base 5) to base 11.
644a84
What is 221322231231 (base 4) in base 3?
202200021020200
-15156 (base 12) to base 3
-1111120210
-1b9ca45 (base 14) to base 2
-110100101111100011110101
Convert -f3f1e (base 16) to base 5.
-223433243
1978a25 (base 11) to base 8
14562340
What is 8337ca (base 14) in base 12?
1596346
-111434200 (base 5) to base 4
-1321321210
Convert 2635010 (base 9) to base 7.
15146514
62606256 (base 7) to base 13
112b129
Convert -254c062 (base 13) to base 9.
-23826761
Convert -2c1470 (base 15) to base 2.
-1000001000001011000110
Convert 1073840 (base 10) to base 9.
2016025
What is -47875 (base 12) in base 4?
-113200121
What is 9db6 (base 14) in base 3?
110112